se 2*a - i = 8. Calculate the remainder when a is divided by 7.
4
Calculate the remainder when 51 is divided by (-13)/(-26) - (-110)/4.
23
Suppose -5*j + 92 = 3*w, 2*j + 0*j - 20 = 3*w. Suppose -g = -3*v - 3*g - 133, -5*g - 66 = v. Let i = -11 - v. Calculate the remainder when i is divided by j.
14
Let w be 1 + -2 + -5 + -2. What is the remainder when 36 is divided by (3/6)/(w/(-304))?
17
Suppose 58*j + 262 - 668 = 0. What is the remainder when j is divided by (6*-1)/(-2) + 0?
1
Suppose -3*d + 30 - 39 = 0. What is the remainder when 51 is divided by (2 + (-80)/12)*d?
9
Let h = 226 + -211. Suppose -q + 3 = -2. Suppose -148 = -q*v - 4*p, -v + 3*v - 5*p = 46. Calculate the remainder when v is divided by h.
13
Let i = 808 - 408. What is the remainder when i is divided by 31?
28
Let z = -161 + 282. Suppose 5*a - 7*a - 5*o + 72 = 0, 2*o + 151 = 5*a. What is the remainder when z is divided by a?
28
Let o(y) = 15*y + 32. Calculate the remainder when o(13) is divided by 77.
73
Let j(l) = 2*l**3 - 95*l**2 + 48*l - 39. What is the remainder when 127 is divided by j(47)?
7
Suppose 0 = -l + 3*l - 20. Let a(b) = 0*b + 2*b - l + 0*b. What is the remainder when 7 is divided by a(7)?
3
Let b(x) = -x**3 + 10*x**2 - 10*x - 8. Let j be b(9). Let z = -15 - j. Suppose -3*s = -z*s - 40. What is the remainder when s is divided by 14?
12
Let h(x) = 6*x + 26. Calculate the remainder when 45 is divided by h(0).
19
What is the remainder when (1 - 0)/((-2)/(-42)) is divided by ((-20 + -2)*1)/(-8 + 6)?
10
Let d(r) = -r**2 + 12*r - 7. Let n be d(9). Let w = 57 + -55. What is the remainder when (-1)/((-1)/n*2) is divided by w?
0
Let a(w) = -w**3 + 51*w**2 - 20*w + 1049. Calculate the remainder when (-20 + 2)*1*-8 is divided by a(51).
28
Suppose 27 = -6*l + 3*l. Let k(c) = -c**2 - 13*c - 10. What is the remainder when 103 is divided by k(l)?
25
Suppose 327 = 5*y + 4*z, 0*z - 120 = -2*y + 2*z. Suppose 135 = 5*m + 55. Calculate the remainder when y is divided by m.
15
Let v(n) = -5*n**3 + n**2 + 6*n - 3. What is the remainder when 84 is divided by v(-2)?
26
Let h(z) = -2*z + 1. Suppose -45 - 15 = 5*v. Let t(l) = -l**2 - 14*l + 11. Calculate the remainder when t(v) is divided by h(-4).
8
Suppose -5*s - 4 = -34. Suppose -s - 66 = -4*i. Suppose 0 = 3*t - 8*t + 25. What is the remainder when i is divided by t?
3
Suppose 0*b = -b + 1. Suppose b - 14 = -x. Let i = 55 + -31. What is the remainder when i is divided by x?
11
Let a = -5 - -6. Let m = a + 10. What is the remainder when 7152/168 + 8/(-14) is divided by m?
9
Let n = -11716 + 11759. Let q = 4 - -7. What is the remainder when n is divided by q?
10
Let t(q) = -q**3 + q**2 - 1. Let n(u) = 12*u**2 + 17*u + 13. Let w(f) = n(f) - t(f). Calculate the remainder when w(-7) is divided by 31.
29
Suppose 662*m - 664*m + 112 = 0. What is the remainder when m is divided by 22?
12
Let g = -512 + 527. Calculate the remainder when -1 - (-26 - 2 - 1) is divided by g.
13
Let u = 125 + -110. What is the remainder when -4 + 0 + (-305)/(-5) is divided by u?
12
Let i be -3*(-21)/9 - 4. Suppose 3*m - 1 = -4*c, -i = -4*c - 4*m - 7. What is the remainder when 27 is divided by c?
3
Suppose 77 = 3*d - 5*a, 77 + 20 = 4*d - a. Suppose 0 = 5*h + 157 + 363. Let u = h - -174. What is the remainder when u is divided by d?
22
Suppose -25 - 79 = -8*q. Suppose -4*v - 106 = -2*x, 4*x = v + 171 + 76. What is the remainder when x is divided by q?
11
Let c(v) = -9*v**3 + 25*v**2 - 17*v + 10. Let i(s) = 4*s**3 - 12*s**2 + 8*s - 5. Let j(z) = 6*c(z) + 13*i(z). What is the remainder when 71 is divided by j(-4)?
14
Suppose -3*d + 365 = 5*x - 90, d - 5 = 0. Calculate the remainder when x is divided by 16.
8
Let n(v) = -3*v**3 - 32*v**2 - 33*v. Let m(f) = f**3 + 16*f**2 + 17*f. Let i(l) = 5*m(l) + 2*n(l). Calculate the remainder when i(17) is divided by 12.
10
Let b be (-2)/1 + (-4)/(4/(-29)). Let h = -11 + b. Let m(i) = 6*i - 3. What is the remainder when m(5) is divided by h?
11
Let k = -379 + 503. Calculate the remainder when k is divided by 5.
4
Let t be 2/(-4)*0/6. Suppose -o = -t*o. Suppose 0 = 2*f - o*f - 106. Calculate the remainder when f is divided by 14.
11
Suppose 0 = 7*g - 2*g - 85. What is the remainder when (-2)/4 + 203/2 is divided by g?
16
Let t = 247 - 216. Calculate the remainder when 77 is divided by t.
15
Let v(f) = 7*f + 6. Let d be v(-3). What is the remainder when 5 is divided by 9/(-3)*20/d?
1
Let m(r) = 18*r + 5. Let l be m(-4). Let a = -22 - l. Calculate the remainder when a is divided by 23.
22
Calculate the remainder when 27 is divided by 4 + (-5 - 30/(-3)).
0
Let w(u) = 43*u - 42. Let g be w(7). Suppose 2*z + 5*t - 3*t = 112, 0 = 5*z - 2*t - g. What is the remainder when z is divided by 8?
5
Let c(b) = -b**2 + 7*b + 1. Let r(n) = -n**2 + 14*n - 12. What is the remainder when r(12) is divided by c(6)?
5
Let d = -3229 - -3239. Suppose -4*a = -q + 40, 5*q - a - 33 = 110. What is the remainder when q is divided by d?
8
Suppose 0 = -2*i + 4*g + 368, 721 = 3*i + i - 3*g. What is the remainder when 364 is divided by i?
8
Suppose 3*k - 42 - 88 = y, 2*k = -y + 80. Let h = 5 - 5. Suppose -45 = -3*n - h*n. What is the remainder when k is divided by n?
12
Suppose 4*o - 2 = 6. Let g be (4 + -7 - -15)/((-4)/(-1)). Suppose 2*a + w - 4 = 0, -g*w - 10 = -o*a - w. Calculate the remainder when 12 is divided by a.
0
Let z be (-6)/3 + 0 + 81. Let x = 133 - z. Suppose 3*b + 8 = -b, -4*b = 2*r - x. Calculate the remainder when r is divided by 11.
9
Suppose 4*r - 4 - 14 = 2*v, -12 = -r - 2*v. What is the remainder when 29 is divided by r?
5
What is the remainder when (6105/66)/(3/6) is divided by 63?
59
Let j = -504 + 608. What is the remainder when j is divided by 48?
8
Let w be (13/(-3) + 3)*-3. Suppose 12 + 4 = w*k. Suppose -2*d + 12 = k. What is the remainder when d is divided by 3?
1
Let y = -41 + 67. Let p = y + -6. Calculate the remainder when 78 is divided by p.
18
Let z(v) = 32*v**2 - 2. Let w(f) = -f**2 - 22*f - 1. What is the remainder when w(-19) is divided by z(1)?
26
Suppose 7*w = 8*w - 2. Let x(z) = w*z + 8 - z + 25. Calculate the remainder when x(0) is divided by 18.
15
Suppose 45434 = 23*w + 1688. What is the remainder when w is divided by 15?
12
Suppose 11*l - 21 = 4*l. Suppose -l*f + 2*a + 328 = 0, 2*a - a + 549 = 5*f. Calculate the remainder when f is divided by (-39 + 3 + -1)/(-1).
36
Suppose 2*a + 220 = 3*v, -4*v + 260 = -a + 5*a. Calculate the remainder when 223 is divided by v.
13
Suppose 4*b + 56 - 360 = 0. What is the remainder when 453 is divided by b?
73
Let w = -221 + 373. Suppose 4*m = -2*d + 128, 2*d - 2 = d. Calculate the remainder when w is divided by m.
28
Suppose -76 = -3*g - 16. What is the remainder when 192 is divided by g?
12
Let k(r) = 10*r - 68. Let q be k(6). Let m(f) = f**2 + 9*f + 17. Calculate the remainder when m(q) is divided by 1.
0
Suppose -2 - 5 = -7*l. Suppose 0 = -2*u + 3*r - l, 0 = -0*u + u + 2*r - 10. Suppose 5*b = 7*b - 44. Calculate the remainder when b is divided by u.
2
Let m(h) = 26*h**2 + 2*h. What is the remainder when m(2) is divided by 56?
52
Let j(a) = a**3 - 33*a**2 - 144*a - 66. What is the remainder when 982 is divided by j(37)?
80
Suppose 6*t + 2*t - 16 = 0. Suppose u = 3*r + 24, t*r = 4*u + 3*r - 44. Calculate the remainder when 34 is divided by u.
10
Let w(o) = o**3 - 9*o**2 - 8*o - 5. Let r be 3*(-3 - 84/(-9)). Let i = -9 + r. What is the remainder when 73 is divided by w(i)?
13
Suppose 7*c + 5*c - 288 = 0. Let r = c + 1. Calculate the remainder when r is divided by 13.
12
Suppose 2*j + 6 = 2*a - 12, -2*a + 5*j = -18. Let q = -94 + 84. Calculate the remainder when 2 is divided by 1/(-1)*(q + a).
0
Suppose -4*w + 2*m + 174 = 0, -3*m + 6*m = -5*w + 245. What is the remainder when w is divided by 3?
1
Let n = 301 - 282. What is the remainder when 55 is divided by n?
17
Suppose -42*x = -3*x - 14625. Calculate the remainder when x is divided by 63.
60
What is the remainder when (4/(-8))/((-3)/444) is divided by 52?
22
Let j be (-40)/(-2)*(-12)/5. Let d = -32 - j. What is the remainder when 61 is divided by d?
13
Calculate the remainder when (-21428)/(-68) + 40/(-340) is divided by 29.
25
Suppose 25*u = -4*g + 24*u + 228, 5*g + 3*u - 278 = 0. What is the remainder when 637 is divided by g?
57
Let